 -2520440?
2520443
In base 10, what is -3740 + -74?
-3814
In base 2, what is -11011011 - 1001101001000?
-1010000100011
In base 7, what is 5 + -2651253?
-2651245
In base 9, what is 56010 - -1?
56011
In base 3, what is -1111 + -2000?
-10111
In base 6, what is 120442 - -3?
120445
In base 11, what is -729 - -47?
-692
In base 16, what is 1 - 13?
-12
In base 7, what is -123155 - 101?
-123256
In base 3, what is 2201220021 - 2001?
2201211020
In base 10, what is 27019 + -5?
27014
In base 14, what is 35d - -8?
367
In base 10, what is -1784 + 15?
-1769
In base 3, what is -211110010 + 112?
-211102121
In base 10, what is -2 - 68188?
-68190
In base 10, what is -7 + -187108?
-187115
In base 14, what is -21 + -752?
-773
In base 11, what is -5 + -27339?
-27343
In base 2, what is 111010 - 100011001001100?
-100011000010010
In base 14, what is -6 - -1ada7?
1ada1
In base 11, what is 111 + -6237?
-6126
In base 11, what is 1507 - -23?
152a
In base 7, what is -1031 + 1220?
156
In base 16, what is -6 - 40f18?
-40f1e
In base 4, what is -3323102 - 32?
-3323200
In base 9, what is 308 + -400?
-81
In base 2, what is -100101110010001010100 + -110?
-100101110010001011010
In base 3, what is -102010 - 20120?
-122200
In base 8, what is 3130 - -5?
3135
In base 16, what is -826 + -29c?
-ac2
In base 13, what is -750 + -7ca?
-124a
In base 3, what is 2101210 - 100110?
2001100
In base 8, what is -135 - -4153?
4016
In base 11, what is 1834 - -3a?
1873
In base 10, what is 4 + -7906?
-7902
In base 14, what is -5 + -27d0?
-27d5
In base 5, what is -10 + 130032010?
130032000
In base 5, what is 22230 - 102?
22123
In base 11, what is -7311 - a?
-7320
In base 8, what is -4773514 + -1?
-4773515
In base 7, what is 63131 - 1?
63130
In base 7, what is 252 + 2102?
2354
In base 5, what is 0 - -3431224?
3431224
In base 5, what is 10 - 132132?
-132122
In base 16, what is e - -1aae?
1abc
In base 14, what is -13c - c3?
-221
In base 10, what is 13 - 6713?
-6700
In base 9, what is 1163840 - -2?
1163842
In base 9, what is 1270 + 2?
1272
In base 12, what is -119 - -253?
136
In base 11, what is -28092 - 19?
-28100
In base 15, what is 13c2 + -4?
13bd
In base 11, what is 0 - 25a6a?
-25a6a
In base 16, what is 52 - -884?
8d6
In base 12, what is 2 - 11a35?
-11a33
In base 13, what is 1352 - -c?
1361
In base 3, what is 201 + -10022100?
-10021122
In base 6, what is 3 - 15412302?
-15412255
In base 12, what is 0 - b5794?
-b5794
In base 2, what is -111100110100 + 1000001?
-111011110011
In base 2, what is 11 + -10101111011001000100?
-10101111011001000001
In base 4, what is -3 + -2113001302?
-2113001311
In base 6, what is -5 + 1141235?
1141230
In base 12, what is -15 + 1544?
152b
In base 6, what is 5535 - 35?
5500
In base 6, what is 521200 + -3?
521153
In base 2, what is -1011110000 + -100010001?
-10000000001
In base 8, what is -34 - -42336?
42302
In base 6, what is 321 + -41253?
-40532
In base 4, what is 1022 - 3223011?
-3221323
In base 11, what is -126090 - -3?
-126088
In base 16, what is -1106 - -aa?
-105c
In base 7, what is 4655 - 1045?
3610
In base 2, what is 110 + 100000011000010110?
100000011000011100
In base 3, what is -21010000202 - -20?
-21010000112
In base 3, what is 1002111 - 122?
1001212
In base 7, what is -104 + 164?
60
In base 4, what is 112030333 + 23?
112031022
In base 12, what is 1568 - -7?
1573
In base 7, what is 21 - -410202?
410223
In base 13, what is 83 - -9157?
920a
In base 7, what is 11030 + 246?
11306
In base 7, what is -122 - -14464?
14342
In base 8, what is -34 + 32113?
32057
In base 6, what is -501025220 - 0?
-501025220
In base 5, what is 0 + -424130?
-424130
In base 2, what is 1001110011100101011011 - 10?
1001110011100101011001
In base 15, what is 2e - 29637?
-29608
In base 6, what is -1510405 + -5?
-1510414
In base 6, what is -10351 - -344?
-10003
In base 15, what is -1a25a - -9?
-1a251
In base 5, what is -2200041121 - -10?
-2200041111
In base 12, what is -442 - -47?
-3b7
In base 11, what is 0 + -1a1896?
-1a1896
In base 13, what is 19c11 + -a?
19c04
In base 15, what is 56c8 - 8?
56c0
In base 9, what is -7826 + 104?
-7722
In base 2, what is -1101110100 - 101110101?
-10011101001
In base 16, what is -1 + 595c?
595b
In base 12, what is -70 + 905?
855
In base 4, what is 11 - -110323200?
110323211
In base 10, what is -322 + -2805?
-3127
In base 12, what is 122b066 - 2?
122b064
In base 6, what is -1100443 - 44?
-1100531
In base 4, what is 10 + 2013333?
2020003
In base 5, what is -1112 + -4?
-1121
In base 14, what is 30 + 59ac?
59dc
In base 7, what is 221 - 6651?
-6430
In base 10, what is 12232 + 1?
12233
In base 13, what is 1006c + 14?
10083
In base 6, what is 2142203 - 5?
2142154
In base 2, what is 110 + -100111001100010011?
-100111001100001101
In base 11, what is 5 - -26aa1?
26aa6
In base 14, what is -32 - 96?
-c8
In base 12, what is -11b9a7 - 6?
-11b9b1
In base 2, what is 1001111011 + 111110?
1010111001
In base 2, what is 110010110110001 + 1000?
110010110111001
In base 5, what is 31231 + 222?
32003
In base 13, what is 8ba + 402?
cbc
In base 10, what is 857 + 22?
879
In base 12, what is 167 - 1a9?
-42
In base 4, what is 232 - 100200?
-33302
In base 8, what is 33 - 21573?
-21540
In base 6, what is 54 + -22541?
-22443
In base 16, what is -4 - 936?
-93a
In base 10, what is 35 + 287?
322
In base 9, what is 2427448 - 2?
2427446
In base 10, what is 246 - 8612?
-8366
In base 3, what is 210111111 + -220?
210110121
In base 3, what is -1001 - 12120122?
-12121200
In base 15, what is -78 + 79?
1
In base 12, what is -10b6451 - 0?
-10b6451
In base 6, what is -11 - -124?
113
In base 7, what is -4 + 1036533?
1036526
In base 7, what is -2 - 201530?
-201532
In base 5, what is 301431 + 3?
301434
In base 10, what is 134 - 2941?
-2807
In base 4, what is 10001120 - 13?
10001101
In base 16, what is f + -2cfa?
-2ceb
In base 16, what is 11 + 4c8e?
4c9f
In base 6, what is -1035305 - 1?
-1035310
In base 14, what is -34ad3 + 2?
-34ad1
In base 14, what is 13d82 + 7?
13d89
In base 2, what is -1011101 + -1000111000?
-1010010101
In base 8, what is -25545 - -24?
-25521
In base 7, what is 4442053 + -1?
4442052
In base 15, what is -76 + 22ed?
2277
In base 11, what is 52612 + -9?
52604
In base 13, what is 1 + 12702?
12703
In base 2, what is 101001110011001 + 10?
101001110011011
In base 3, what is 120000 + -2111?
110112
In base 11, what is 29005a1 - 2?
290059a
In base 15, what is -e - 48d?
-49c
In base 12, what is 1b677 - -3?
1b67a
In base 16, what is -1fa + -6f?
-269
In base 14, what is a0bc - -16?
a0d4
In base 16, what is 13dc8 - 26?
13da2
In base 12, what is 5 - -5523b?
55244
In base 7, what is 51150 + 135?
51315
In base 14, what is 2 + 12647?
12649
In base 9, what is 25 + -6738?
-6713
In base 7, what is -233536 - -10?
-233526
In base 15, what is -3 - -2b53c?
2b539
In base 4, what is -10 + 120010113?
120010103
In base 6, what is 11552 - -5?
12001
In base 14, what is c5 + -22a?
-145
In base 4, what is 2131231002 + 10?
2131231012
In base 6, what is -4 - -10433450?
10433442
In base 11, what is -3406 - 0?
-3406
In base 16, what is -e1 - -2ed?
20c
In base 13, what is -825b9 + 1?
-825b8
In base 8, what is 551 + -10404?
-7633
In base 13, what is -bb - 1a4?
-292
In base 2, what is 10100111100 + -11011011110?
-110100010
In base 12, what is -942252 - -2?
-942250
In base 4, what is -100 - -3213?
3113
In base 13, what is -264665 - -5?
-264660
In base 2, what is -11111110010000 - -11111?
-11111101110001
In base 3, what is -1021021012 - 102122?
-1021200211
In base 10, what is -2 - 1123579?
-1123581
In base 4, what is -22131333 - 2?
-22132001
In base 2, what is 10010011011110101 + -1000?
10010011011101101
In base 12, what is bb3 + -5?
baa
In base 6, what is 542 + -31050?
-30104
In base 8, what is 1571424 + 0?
1571424
In base 8, what is 1153204 + -1?
1153203
In base 16, what is 2 + -7d86d?
-7d86b
In base 5, what is 2 + -112421?
-112414
In base 8, what is 10230 + 0?
10230
In base 14, what is -b2 - -3c2?
310
In base 9, what is -5 + -14103?
-14108
In base 7, what is -1300420 + -3?
-1300423
In base 14, what is -24 - -114?
d0
In base 12, what is -5 - -b5a?
b55
In base 16, what is -219e5 + 5?
-219e0
In base 16, what is -215 + -120a?
-141f
In base 3, what is 1 - -100001122?
100001200
In base 14, what is -66 + -d638?
-d6a0
In base 10, what is -4 -